{"id":49,"date":"2017-01-30T10:50:02","date_gmt":"2017-01-30T10:50:02","guid":{"rendered":"http:\/\/gjtech.fr\/?page_id=49"},"modified":"2017-10-31T08:04:42","modified_gmt":"2017-10-31T08:04:42","slug":"boutique-2","status":"publish","type":"page","link":"https:\/\/gjtech.fr\/index.php\/boutique-2\/","title":{"rendered":"Nos occasions"},"content":{"rendered":"<h2 style=\"text-align: center;\"><span style=\"color: #ff6600; font-family: trebuchet ms,geneva,sans-serif; font-size: 14pt;\">Ordinateurs\u00a0Reconditionn\u00e9s<\/span><\/h2>\n<p align=\"JUSTIFY\"><span style=\"font-family: trebuchet ms,geneva,sans-serif; font-size: 12pt;\">Vous avez besoin d&rsquo;un PC mais votre budget ne le permet pas&#8230; Pourquoi ne pas investir dans un <strong>PC reconditionn\u00e9s<\/strong>\u00a0offrant toute les garanties du neuf ?<\/span><\/p>\n<p align=\"JUSTIFY\"><span style=\"font-family: trebuchet ms,geneva,sans-serif; font-size: 12pt;\">Issus de d\u00e9stockage ou de reprises de parcs, nos PC (grade A, g\u00e9n\u00e9ralement du mat\u00e9riel \u00e0 destination des professionnels, mais aussi &lsquo;grand public&rsquo;) sont re-conditionn\u00e9s, v\u00e9rifi\u00e9s, \u00e9quip\u00e9s d&rsquo;une suite logicielles n\u00e9cessaires \u00e0 vos besoins quotidiens livr\u00e9s cl\u00e9s en main \u00e0 votre domicile (dans un rayon de trente kilom\u00e8tres autour d&rsquo;Auxerre) et garantis un an !<\/span><\/p>\n<pre style=\"text-align: justify;\">Tous nos PC d'occasions sont test\u00e9s, garantis 1 an et configur\u00e9s avec:\r\n- une License Windows Install\u00e9e et activ\u00e9 (Linux sur demande)\r\n- une suite logicielle install\u00e9e et mise \u00e0 jour comprenant : \r\nAvast Gratuit, Navigateurs, VLC Media Player, Lecteur de musique, Logicielle de Gravure, Flash Player, Adobe Reader et bien d'autres encore.\r\n\r\n- Tous les pilotes sont install\u00e9s et mis \u00e0 jour\r\n- un clavier et une souris pour l'achat d'une Tour d'occasion\r\n- Ecran d'occasion disponible<\/pre>\n<p align=\"JUSTIFY\"><img loading=\"lazy\" decoding=\"async\" class=\"aligncenter wp-image-506 size-medium\" src=\"http:\/\/gjtech.fr\/wp-content\/uploads\/2017\/02\/Logiciels-fournis-1-300x97.png\" width=\"300\" height=\"97\" srcset=\"https:\/\/gjtech.fr\/wp-content\/uploads\/2017\/02\/Logiciels-fournis-1-300x97.png 300w, https:\/\/gjtech.fr\/wp-content\/uploads\/2017\/02\/Logiciels-fournis-1-600x194.png 600w, https:\/\/gjtech.fr\/wp-content\/uploads\/2017\/02\/Logiciels-fournis-1-768x249.png 768w, https:\/\/gjtech.fr\/wp-content\/uploads\/2017\/02\/Logiciels-fournis-1.png 775w\" sizes=\"auto, (max-width: 300px) 100vw, 300px\" \/><\/p>\n<p align=\"JUSTIFY\"><span style=\"font-family: trebuchet ms,geneva,sans-serif; font-size: 12pt;\">D\u00e9couvrez nos derniers arrivages\u00a0 en :<\/span><\/p>\n<ul>\n<li><a href=\"http:\/\/gjtech.fr\/nos-occasions\/nos-occasions-pc\"><span style=\"font-family: trebuchet ms,geneva,sans-serif; color: #ff6600;\">PC d&rsquo;occasion<\/span><\/a><\/li>\n<li><a href=\"http:\/\/gjtech.fr\/nos-pc-portables-doccasion\"><span style=\"font-family: trebuchet ms,geneva,sans-serif; color: #ff6600;\">PC Portables d&rsquo;occasion<\/span><\/a><\/li>\n<\/ul>\n<p align=\"JUSTIFY\"><span style=\"font-family: trebuchet ms,geneva,sans-serif; font-size: 12pt;\">Vous pouvez trouver aussi du mat\u00e9riel neuf ou reconditionn\u00e9s adapt\u00e9 \u00e0 vos besoins sur notre page \u00ab<a href=\"http:\/\/gjtech.fr\/test\/nos-pc-a-la-carte\"><span style=\"color: #ff6600;\">\u00a0\u00e0 la carte\u00a0<\/span><\/a>\u00bb.<\/span><\/p>\n<p align=\"JUSTIFY\"><span style=\"font-family: trebuchet ms,geneva,sans-serif; font-size: 12pt;\">Vous souhaitez investir dans un produit GJTech Informatique ? Vous avez fait le bon choix ! Adh\u00e9rez \u00e0 nos <a href=\"http:\/\/gjtech.fr\/conditions-generales-de-ventes\"><span style=\"color: #ff6600;\">Conditions G\u00e9n\u00e9rales de Vente<\/span><\/a> et faites appel \u00e0 GJtech89&#8230;<\/span><\/p>\n<pre>Un devis gratuit ne vous engage en rien... Pour conna\u00eetre tous les d\u00e9tails de nos PC d'occasion ou sur nos arrivages, n'h\u00e9sitez pas, retournez-nous le <span style=\"color: #ff6600;\"><a style=\"color: #ff6600;\" href=\"http:\/\/gjtech.fr\/nous-contacter\">formulaire suivant<\/a><\/span>,\u00a0nous vous rappellerons dans les meilleurs d\u00e9lais.<\/pre>\n<p align=\"JUSTIFY\">\n","protected":false},"excerpt":{"rendered":"<p>Ordinateurs\u00a0Reconditionn\u00e9s Vous avez besoin d&rsquo;un PC mais votre budget ne le permet pas&#8230; Pourquoi ne pas investir dans un PC reconditionn\u00e9s\u00a0offrant toute les garanties du neuf ? Issus de d\u00e9stockage ou de reprises de parcs, nos PC (grade A, g\u00e9n\u00e9ralement du mat\u00e9riel \u00e0 destination des professionnels, mais aussi &lsquo;grand public&rsquo;) sont re-conditionn\u00e9s, v\u00e9rifi\u00e9s, \u00e9quip\u00e9s d&rsquo;une [&hellip;]<\/p>\n","protected":false},"author":1,"featured_media":0,"parent":0,"menu_order":0,"comment_status":"closed","ping_status":"closed","template":"","meta":{"footnotes":""},"class_list":["post-49","page","type-page","status-publish","hentry"],"_links":{"self":[{"href":"https:\/\/gjtech.fr\/index.php\/wp-json\/wp\/v2\/pages\/49","targetHints":{"allow":["GET"]}}],"collection":[{"href":"https:\/\/gjtech.fr\/index.php\/wp-json\/wp\/v2\/pages"}],"about":[{"href":"https:\/\/gjtech.fr\/index.php\/wp-json\/wp\/v2\/types\/page"}],"author":[{"embeddable":true,"href":"https:\/\/gjtech.fr\/index.php\/wp-json\/wp\/v2\/users\/1"}],"replies":[{"embeddable":true,"href":"https:\/\/gjtech.fr\/index.php\/wp-json\/wp\/v2\/comments?post=49"}],"version-history":[{"count":1,"href":"https:\/\/gjtech.fr\/index.php\/wp-json\/wp\/v2\/pages\/49\/revisions"}],"predecessor-version":[{"id":747,"href":"https:\/\/gjtech.fr\/index.php\/wp-json\/wp\/v2\/pages\/49\/revisions\/747"}],"wp:attachment":[{"href":"https:\/\/gjtech.fr\/index.php\/wp-json\/wp\/v2\/media?parent=49"}],"curies":[{"name":"wp","href":"https:\/\/api.w.org\/{rel}","templated":true}]}}