{"id":365,"date":"2017-02-10T16:50:15","date_gmt":"2017-02-10T16:50:15","guid":{"rendered":"http:\/\/gjtech.fr\/?page_id=365"},"modified":"2017-11-14T14:44:47","modified_gmt":"2017-11-14T14:44:47","slug":"reparation-de-tablettes","status":"publish","type":"page","link":"https:\/\/gjtech.fr\/index.php\/nos-services-2\/reparation-de-tablettes\/","title":{"rendered":"R\u00e9paration de tablettes"},"content":{"rendered":"<h2 style=\"text-align: center;\"><span style=\"font-family: 'trebuchet ms', geneva, sans-serif; font-size: 14pt; color: #ffffff;\">Votre tablette tactile a besoin d&rsquo;une r\u00e9paration ?<\/span><\/h2>\n<figure id=\"attachment_1265\" aria-describedby=\"caption-attachment-1265\" style=\"width: 447px\" class=\"wp-caption aligncenter\"><a href=\"https:\/\/gjtech.fr\/wp-content\/uploads\/2017\/02\/TAB-demontage.png\"><img loading=\"lazy\" decoding=\"async\" class=\"size-full wp-image-1265\" src=\"https:\/\/gjtech.fr\/wp-content\/uploads\/2017\/02\/TAB-demontage.png\" alt=\"\" width=\"447\" height=\"315\" srcset=\"https:\/\/gjtech.fr\/wp-content\/uploads\/2017\/02\/TAB-demontage.png 447w, https:\/\/gjtech.fr\/wp-content\/uploads\/2017\/02\/TAB-demontage-300x211.png 300w\" sizes=\"auto, (max-width: 447px) 100vw, 447px\" \/><\/a><figcaption id=\"caption-attachment-1265\" class=\"wp-caption-text\">Tablette en cours de d\u00e9montage.<\/figcaption><\/figure>\n<p><span style=\"font-family: 'trebuchet ms', geneva, sans-serif; font-size: 12pt;\">Ecran cass\u00e9, connecteur de charge d\u00e9fectueux, batterie ne se chargeant plus, Tablette qui ne s&rsquo;allume ou ne s&rsquo;\u00e9teint plus ? \u00a0Se sont l\u00e0 des sympt\u00f4mes bien souvent rencontr\u00e9s sur ce type d&rsquo;objet connect\u00e9&#8230;<\/span><\/p>\n<p><span style=\"font-family: 'trebuchet ms', geneva, sans-serif; font-size: 12pt;\">Produit situ\u00e9 entre le PC Portable et le smartphone, la tablette a un mode de fonctionnement tr\u00e8s semblable au t\u00e9l\u00e9phone mobile&#8230; D\u00e8s lors, les interventions sont pratiquement identiques.\u00a0<\/span><\/p>\n<h3><span style=\"font-family: 'trebuchet ms', geneva, sans-serif; font-size: 12pt; color: #ffffff;\">Nous vous assurons, \u00e0 domicile, les services suivant :<\/span><\/h3>\n<table border=\"1\" width=\"450\" align=\"center\">\n<tbody>\n<tr>\n<td>&#8211;\u00a0Remplacement vitre<\/td>\n<td>&#8211;\u00a0Remplacement dock connecteur<\/td>\n<\/tr>\n<tr>\n<td>&#8211;\u00a0Remplacement capteur de proximit\u00e9<\/td>\n<td>&#8211;\u00a0Remplacement haut parleur<\/td>\n<\/tr>\n<tr>\n<td>&#8211;\u00a0Remplacement vitre et\/ou\u00a0Ecran Complet<\/td>\n<td>&#8211;\u00a0Remplacement \u00e9couteur interne<\/td>\n<\/tr>\n<tr>\n<td>&#8211;\u00a0Remplacement batterie<\/td>\n<td>&#8211;\u00a0Remplacement antenne wifi<\/td>\n<\/tr>\n<tr>\n<td>&#8211;\u00a0Remplacement bouton home<\/td>\n<td>&#8211;\u00a0Remplacement coque arri\u00e8re<\/td>\n<\/tr>\n<tr>\n<td>&#8211;\u00a0Remplacement bouton power<\/td>\n<td>&#8211;\u00a0Remplacement tiroir SIM<\/td>\n<\/tr>\n<tr>\n<td>&#8211;\u00a0Remplacement bouton volume<\/td>\n<td>&#8211;\u00a0Remplacement prise jack<\/td>\n<\/tr>\n<tr>\n<td>&#8211; Remplacement appareil photo<\/td>\n<td>&#8211; Remplacement Chargeur<\/td>\n<\/tr>\n<tr>\n<td>&#8211; R\u00e9paration R\u00e9tro-\u00e9clairage IPAD<\/td>\n<td>&#8211; D\u00e9soxydation<\/td>\n<\/tr>\n<\/tbody>\n<\/table>\n<p style=\"text-align: center;\">Vous souhaitez une intervention de <span style=\"color: #ff6600;\">GJTech Informatique<\/span> ? Vous avez fait le bon choix ! Adh\u00e9rez \u00e0 nos\u00a0<span style=\"color: #ff6600;\"><span style=\"color: #ffffff;\"><a style=\"color: #ffffff;\" href=\"http:\/\/gjtech.fr\/conditions-generales-de-ventes\">conditions g\u00e9n\u00e9rales de ventes<\/a><\/span>\u00a0 <span style=\"color: #000000;\">et faites appel \u00e0 <span style=\"color: #ff6600;\">GJtech89<\/span>&#8230;<\/span><\/span><\/p>\n<p style=\"text-align: center;\"><img loading=\"lazy\" decoding=\"async\" class=\" wp-image-373 aligncenter\" src=\"http:\/\/gjtech.fr\/wp-content\/uploads\/2017\/02\/tablette-interface-bloqu\u00e9e-300x200.png\" alt=\"Tablette bloqu\u00e9e sur la page d'accueil\" width=\"283\" height=\"189\" srcset=\"https:\/\/gjtech.fr\/wp-content\/uploads\/2017\/02\/tablette-interface-bloqu\u00e9e-300x200.png 300w, https:\/\/gjtech.fr\/wp-content\/uploads\/2017\/02\/tablette-interface-bloqu\u00e9e-600x399.png 600w, https:\/\/gjtech.fr\/wp-content\/uploads\/2017\/02\/tablette-interface-bloqu\u00e9e-768x511.png 768w, https:\/\/gjtech.fr\/wp-content\/uploads\/2017\/02\/tablette-interface-bloqu\u00e9e-1024x682.png 1024w, https:\/\/gjtech.fr\/wp-content\/uploads\/2017\/02\/tablette-interface-bloqu\u00e9e.png 1280w\" sizes=\"auto, (max-width: 283px) 100vw, 283px\" \/><\/p>\n<p style=\"text-align: center;\">Tablette en position bloqu\u00e9e sur la page d&rsquo;accueil<\/p>\n<p style=\"text-align: center;\">Un devis gratuit ne vous engage en rien&#8230; Aussi, n&rsquo;h\u00e9sitez pas, retournez-nous le <span style=\"color: #ffffff;\"><strong><a style=\"color: #ffffff;\" href=\"http:\/\/gjtech.fr\/nous-contacter\">formulaire suivant<\/a><\/strong><\/span>, nous vous rappellerons dans les meilleurs d\u00e9lais<\/p>\n<p style=\"text-align: center;\"><span style=\"font-family: 'trebuchet ms', geneva, sans-serif; font-size: 12pt;\">GJTech vous conseille : N&rsquo;utilisez jamais votre tablette en mode chargement.<\/span><\/p>\n","protected":false},"excerpt":{"rendered":"<p>Votre tablette tactile a besoin d&rsquo;une r\u00e9paration ? Ecran cass\u00e9, connecteur de charge d\u00e9fectueux, batterie ne se chargeant plus, Tablette qui ne s&rsquo;allume ou ne s&rsquo;\u00e9teint plus ? \u00a0Se sont l\u00e0 des sympt\u00f4mes bien souvent rencontr\u00e9s sur ce type d&rsquo;objet connect\u00e9&#8230; Produit situ\u00e9 entre le PC Portable et le smartphone, la tablette a un mode [&hellip;]<\/p>\n","protected":false},"author":1,"featured_media":0,"parent":48,"menu_order":0,"comment_status":"closed","ping_status":"closed","template":"","meta":{"footnotes":""},"class_list":["post-365","page","type-page","status-publish","hentry"],"_links":{"self":[{"href":"https:\/\/gjtech.fr\/index.php\/wp-json\/wp\/v2\/pages\/365","targetHints":{"allow":["GET"]}}],"collection":[{"href":"https:\/\/gjtech.fr\/index.php\/wp-json\/wp\/v2\/pages"}],"about":[{"href":"https:\/\/gjtech.fr\/index.php\/wp-json\/wp\/v2\/types\/page"}],"author":[{"embeddable":true,"href":"https:\/\/gjtech.fr\/index.php\/wp-json\/wp\/v2\/users\/1"}],"replies":[{"embeddable":true,"href":"https:\/\/gjtech.fr\/index.php\/wp-json\/wp\/v2\/comments?post=365"}],"version-history":[{"count":10,"href":"https:\/\/gjtech.fr\/index.php\/wp-json\/wp\/v2\/pages\/365\/revisions"}],"predecessor-version":[{"id":1303,"href":"https:\/\/gjtech.fr\/index.php\/wp-json\/wp\/v2\/pages\/365\/revisions\/1303"}],"up":[{"embeddable":true,"href":"https:\/\/gjtech.fr\/index.php\/wp-json\/wp\/v2\/pages\/48"}],"wp:attachment":[{"href":"https:\/\/gjtech.fr\/index.php\/wp-json\/wp\/v2\/media?parent=365"}],"curies":[{"name":"wp","href":"https:\/\/api.w.org\/{rel}","templated":true}]}}